 251664?
112
Calculate the greatest common factor of 31 and 132840983.
31
What is the greatest common factor of 564 and 8179134?
6
What is the highest common factor of 785540 and 1120?
140
Calculate the highest common divisor of 3374453 and 3443.
313
What is the greatest common divisor of 1131434 and 16980?
566
Calculate the highest common divisor of 20224413 and 1221.
33
Calculate the greatest common factor of 776346 and 30283.
2753
Calculate the highest common factor of 674 and 3296534.
674
What is the highest common divisor of 60 and 459087880?
20
Calculate the greatest common divisor of 74884 and 994056.
388
Calculate the greatest common factor of 3009 and 227970.
51
Calculate the greatest common factor of 2363 and 1447975.
17
What is the highest common factor of 2044 and 857458?
1022
What is the highest common divisor of 12745225 and 175?
25
What is the highest common divisor of 214207 and 7952?
497
What is the greatest common factor of 77216945 and 845?
845
What is the highest common divisor of 914 and 7177642?
914
Calculate the highest common factor of 457478840 and 910.
910
Calculate the greatest common factor of 5704 and 33226513.
713
Calculate the greatest common divisor of 3608 and 31647088.
88
What is the highest common divisor of 189 and 16321473?
189
Calculate the greatest common factor of 19628919 and 648147.
4731
Calculate the greatest common divisor of 4056 and 17550312.
4056
Calculate the highest common divisor of 3650 and 3130094.
146
What is the greatest common divisor of 7958278 and 68?
34
Calculate the highest common divisor of 116 and 24831366.
58
Calculate the highest common factor of 307798081 and 57.
19
Calculate the highest common factor of 24 and 229409056.
8
Calculate the highest common divisor of 2889 and 1925679.
321
What is the greatest common factor of 41380 and 3092?
4
What is the greatest common factor of 94983 and 7161?
21
What is the greatest common factor of 14192 and 526455788?
3548
Calculate the greatest common divisor of 4952325 and 43575.
525
Calculate the greatest common factor of 766182 and 517713.
831
What is the greatest common factor of 290 and 118186745?
145
Calculate the greatest common divisor of 169 and 12842310.
169
What is the highest common divisor of 4158 and 17414892?
594
What is the greatest common divisor of 202746520 and 40?
40
What is the highest common factor of 4524 and 22738404?
156
Calculate the greatest common divisor of 1635791 and 1139.
17
Calculate the highest common factor of 56658 and 10164.
42
What is the greatest common factor of 49 and 27717487?
49
What is the highest common factor of 310730 and 118335?
805
What is the greatest common divisor of 384696732 and 1446?
1446
Calculate the highest common factor of 29120170 and 53920.
3370
Calculate the highest common divisor of 13271876 and 23092.
1004
What is the greatest common factor of 1883 and 369238277?
269
Calculate the greatest common divisor of 510 and 93724485.
255
What is the highest common factor of 4509 and 10583959?
167
What is the highest common factor of 5294312 and 99674?
2318
What is the highest common factor of 100852 and 52?
4
Calculate the greatest common divisor of 545438141 and 281.
281
What is the highest common divisor of 1827 and 9510550?
203
What is the highest common factor of 2176 and 17374?
34
Calculate the highest common divisor of 82494 and 36738.
18
What is the greatest common divisor of 1133910675 and 885?
885
What is the highest common factor of 1700 and 105927884?
68
Calculate the greatest common divisor of 4333 and 13708993.
619
Calculate the highest common divisor of 337 and 38451700.
337
What is the greatest common factor of 84488 and 1158760?
472
What is the highest common divisor of 1330 and 29067815?
665
Calculate the highest common divisor of 3564 and 48612636.
324
What is the highest common divisor of 8876 and 93595201?
2219
Calculate the greatest common divisor of 70 and 19983488.
14
Calculate the greatest common factor of 1 and 3330417.
1
What is the greatest common divisor of 15072437 and 2594?
1297
What is the highest common divisor of 6705150 and 300?
150
What is the greatest common factor of 278121 and 27?
3
What is the highest common factor of 9 and 36032583?
3
What is the greatest common factor of 846 and 606636?
18
Calculate the highest common divisor of 119428 and 9125.
73
Calculate the greatest common factor of 7108075 and 275.
25
Calculate the highest common factor of 39169616 and 496.
496
Calculate the greatest common factor of 4345 and 29804830.
55
What is the highest common factor of 22537 and 4519759?
727
What is the highest common factor of 3328 and 239192512?
832
Calculate the highest common divisor of 1610547 and 33.
3
What is the greatest common divisor of 25517 and 291023?
323
Calculate the highest common divisor of 12 and 52964.
4
What is the highest common divisor of 5261050 and 725?
25
What is the greatest common factor of 3564036 and 420?
84
Calculate the greatest common divisor of 1618617 and 254397.
429
Calculate the highest common divisor of 98381442 and 690.
138
Calculate the highest common divisor of 4558772 and 12172.
716
What is the highest common factor of 28137220 and 620?
20
What is the greatest common divisor of 21048020 and 1470?
70
What is the highest common factor of 10065766 and 15525?
23
Calculate the greatest common divisor of 38637 and 170766.
477
What is the greatest common divisor of 1998 and 27939033?
999
What is the greatest common divisor of 185936462 and 92?
46
Calculate the greatest common divisor of 61380 and 10395.
495
What is the highest common factor of 6795207 and 67?
67
Calculate the greatest common divisor of 18 and 1036226.
2
Calculate the greatest common divisor of 5525 and 1937975.
325
Calculate the highest common divisor of 105918640 and 80.
80
Calculate the greatest common factor of 162 and 6794223.
3
Calculate the greatest common divisor of 5775 and 236034645.
1155
Calculate the highest common factor of 91597 and 2904.
121
What is the highest common divisor of 20 and 18280996?
4
What is the highest common divisor of 300815362 and 1142?
1142
What is the highest common factor of 11494985 and 1730?
865
What is the greatest common divisor of 9473 and 5263795599?
9473
What is the highest common factor of 237021 and 7011?
123
Calculate the greatest common divisor of 559068 and 36.
12
Calculate the greatest common divisor of 2637 and 59121.
9
Calculate the greatest common divisor of 205309 and 274984.
929
Calculate the highest common factor of 1181705 and 13300.
665
Calculate the highest common factor of 8635053 and 42.
21
What is the greatest common divisor of 18534750 and 96951?
5703
What is the greatest common divisor of 88 and 13873453?
11
Calculate the highest common factor of 26531 and 131421.
617
What is the greatest common divisor of 275 and 121706200?
275
Calculate the highest common factor of 651 and 123139471.
217
What is the highest common factor of 18447090 and 3515?
185
What is the greatest common factor of 299 and 72359495?
299
What is the greatest common factor of 7938 and 223734?
294
What is the greatest common factor of 638750 and 2905?
35
Calculate the highest common factor of 1677848 and 17030.
262
What is the highest common factor of 481275 and 53163?
27
What is the greatest common divisor of 1265 and 9020209?
253
Calculate the greatest common divisor of 2493560 and 18088.
2584
What is the highest common divisor of 343800 and 55772?
764
What is the greatest common divisor of 1797 and 504281927?
599
What is the highest common divisor of 226758125 and 1540?
55
Calculate the highest common divisor of 3213549736 and 1384.
1384
Calculate the highest common factor of 83068 and 11013068.
4372
What is the highest common factor of 34009 and 1086851?
479
What is the greatest common divisor of 50299900 and 1267?
1267
Calculate the greatest common factor of 2547 and 127443673.
283
What is the greatest common divisor of 212608 and 449074?
302
What is the highest common divisor of 38339 and 30569?
7
Calculate the greatest common divisor of 19355288 and 242056.
3064
Calculate the greatest common divisor of 9471 and 6161472702.
9471
What is the greatest common factor of 1615 and 96762725?
1615
Calculate the greatest com